{"version":"1.0","provider_name":"Fernando Pessoa University","provider_url":"https:\/\/www.ufp.pt\/en","author_name":"Joana Sousa","author_url":"https:\/\/www.ufp.pt\/en\/author\/joanagsousa\/","title":"Alunas de Psicologia participam no II Congresso Internacional \u201cEducar para a Liberdade\u201d em Matosinhos - Universidade Fernando Pessoa","type":"rich","width":600,"height":338,"html":"<blockquote class=\"wp-embedded-content\" data-secret=\"LZ7dhWXKZL\"><a href=\"https:\/\/www.ufp.pt\/en\/alunas-psicologia-congresso-internacional\/\">Psychology students participate in the II International Congress \u201cEducating for Freedom\u201d in Matosinhos.<\/a><\/blockquote><iframe sandbox=\"allow-scripts\" security=\"restricted\" src=\"https:\/\/www.ufp.pt\/en\/alunas-psicologia-congresso-internacional\/embed\/#?secret=LZ7dhWXKZL\" width=\"600\" height=\"338\" title=\"&#8220;Alunas de Psicologia participam no II Congresso Internacional \u201cEducar para a Liberdade\u201d em Matosinhos&#8221; &#8212; Universidade Fernando Pessoa\" data-secret=\"LZ7dhWXKZL\" frameborder=\"0\" marginwidth=\"0\" marginheight=\"0\" scrolling=\"no\" class=\"wp-embedded-content\"><\/iframe><script>\n\/*! This file is auto-generated *\/\n!function(d,l){\"use strict\";l.querySelector&&d.addEventListener&&\"undefined\"!=typeof URL&&(d.wp=d.wp||{},d.wp.receiveEmbedMessage||(d.wp.receiveEmbedMessage=function(e){var t=e.data;if((t||t.secret||t.message||t.value)&&!\/[^a-zA-Z0-9]\/.test(t.secret)){for(var s,r,n,a=l.querySelectorAll('iframe[data-secret=\"'+t.secret+'\"]'),o=l.querySelectorAll('blockquote[data-secret=\"'+t.secret+'\"]'),c=new RegExp(\"^https?:$\",\"i\"),i=0;i<o.length;i++)o[i].style.display=\"none\";for(i=0;i<a.length;i++)s=a[i],e.source===s.contentWindow&&(s.removeAttribute(\"style\"),\"height\"===t.message?(1e3<(r=parseInt(t.value,10))?r=1e3:~~r<200&&(r=200),s.height=r):\"link\"===t.message&&(r=new URL(s.getAttribute(\"src\")),n=new URL(t.value),c.test(n.protocol))&&n.host===r.host&&l.activeElement===s&&(d.top.location.href=t.value))}},d.addEventListener(\"message\",d.wp.receiveEmbedMessage,!1),l.addEventListener(\"DOMContentLoaded\",function(){for(var e,t,s=l.querySelectorAll(\"iframe.wp-embedded-content\"),r=0;r<s.length;r++)(t=(e=s[r]).getAttribute(\"data-secret\"))||(t=Math.random().toString(36).substring(2,12),e.src+=\"#?secret=\"+t,e.setAttribute(\"data-secret\",t)),e.contentWindow.postMessage({message:\"ready\",secret:t},\"*\")},!1)))}(window,document);\n\/\/# sourceURL=https:\/\/www.ufp.pt\/wp-includes\/js\/wp-embed.min.js\n<\/script>","thumbnail_url":"https:\/\/www.ufp.pt\/wp-content\/uploads\/2026\/04\/psicologia-II-congresso.png","thumbnail_width":1424,"thumbnail_height":748,"description":"Entre os dias 8 e 10 de abril, alunas do 1.\u00ba ciclo de estudos em Psicologia e do 2.\u00ba ciclo em Psicologia da Justi\u00e7a, marcaram presen\u00e7a no II Congresso Internacional \u201cEducar para a Liberdade\u201d, que decorreu em Matosinhos. O congresso foi organizado pela Associa\u00e7\u00e3o Portuguesa de Educa\u00e7\u00e3o nas Pris\u00f5es, em parceria com a C\u00e2mara Municipal [&hellip;]"}

Entre os dias 8 e 10 de abril, alunas do 1.º ciclo de estudos em Psicologia e do 2.º ciclo em Psicologia da Justiça, marcaram presença no II Congresso Internacional “Educar para a Liberdade”, que decorreu em Matosinhos. O congresso foi organizado pela Associação Portuguesa de Educação nas Prisões, em parceria com a Câmara Municipal [&hellip;]
